z. Let d be (3/(-6))/(1/(-6)). What is the highest common factor of d and z?
1
Let k be (-1 - 1)/(4/(-18)). Suppose 0 = -4*o - k + 25. Suppose -4*t + 3 = -21. Calculate the highest common divisor of t and o.
2
Let f = -55 - -85. Suppose 5*v - 75 = f. What is the highest common factor of 21 and v?
21
Suppose -3*p + 63 = 5*m, 3*m - 33 = 8*p - 11*p. Calculate the greatest common factor of 21 and m.
3
Let i(d) = 7*d - 20. Let b be i(6). Suppose 63 = 3*q - 3*n, 5*n + b = 4*q - 57. Calculate the highest common factor of q and 52.
26
Let b = 610 + -104. What is the greatest common divisor of 66 and b?
22
Suppose 3*r + 7*r - 660 = 0. Let o(g) = -4*g + 0 + 4*g + 1 + g. Let y be o(5). What is the highest common divisor of y and r?
6
Suppose 35*i + 46 = 39*i + c, 4 = 2*c. Calculate the highest common divisor of i and 2.
1
Let s be 8/(-6) - (-50)/(-30). Let k be s/6 - (-15)/(-6). Let a be k*2*(-66)/9. What is the highest common divisor of 11 and a?
11
Suppose 5*c + 20 = 6*c. Suppose -3*b = -5*b + c. Suppose 0 = -5*o + 8 + 2. What is the greatest common divisor of o and b?
2
Let x(a) = 39*a**2 - a + 1. Let s be (3/(-15))/(1/(-5)). Let i be x(s). Suppose -i = 3*l - 237. What is the highest common divisor of 6 and l?
6
Let o(q) = 4*q**2 - 57*q - 19. Let w be o(20). What is the highest common divisor of 98 and w?
49
Let v = -130 - -235. Calculate the greatest common divisor of v and 35.
35
Suppose 0 = -3*c + x - 40, -1 - 35 = 2*c - 3*x. Let n(u) = u**3 + 11*u**2 - 14*u + 16. Let w be n(c). What is the highest common factor of 40 and w?
40
Suppose -32*i + 43*i - 1089 = 0. What is the greatest common factor of i and 77?
11
Let v = 85 - 21. Suppose -2*t + 5*g = -20, -5*t + 40 = g - v. Suppose -n = n - t. Calculate the greatest common divisor of n and 10.
10
Suppose 4*o = -5*u + 3300, -3*o + 5*u - 4120 = -8*o. What is the highest common divisor of o and 20?
20
Suppose y + 2*y = -3*m + 12, 4*m - 5*y - 7 = 0. Let t be 0 + m + 0 + 4. What is the greatest common factor of 35 and t?
7
Let u(b) = b**3 + 2*b**2 - 7*b + 3. Let f be u(2). Suppose -2*p - 20 = -4*q - 0*p, 0 = -f*q + 4*p + 28. What is the highest common factor of q and 56?
4
Let a be (22/(-10))/(10/50). Let b be (-2 - 38)*a/(110/4). Calculate the highest common factor of 72 and b.
8
Let i = -21790 + 21835. Let f = -2 - -5. What is the highest common factor of f and i?
3
Let g(f) = f + 9. Let n be g(-6). Let p(v) = -6*v - v**2 - 3*v + 0*v**2 - 2. Let k be p(-7). What is the greatest common divisor of k and n?
3
Suppose 0 = 26*w + 2*w - 3808. Calculate the greatest common factor of 51 and w.
17
Let x be 15*162/3 + 0. What is the highest common factor of 27 and x?
27
Let t = -18 + 8. Let y be 50/20*(-56)/t. Suppose c + y = 2*c. Calculate the highest common factor of 21 and c.
7
Suppose -4*a + 8*a - 4*s = -124, -4*s = a + 6. Let j = a + 58. Calculate the greatest common divisor of j and 16.
16
Suppose -8*d + 4*d = -32. Let g be 1*106/(-10) - 12/(-20). Let y be 14 + g + -4 + 1. What is the highest common factor of d and y?
1
Suppose -6*a + 66 = 5*a. Let f be 288*(7/15 + a/30). What is the greatest common divisor of 24 and f?
24
Let i be 2 + 10/(-8) + 1017/4. Calculate the greatest common divisor of 15 and i.
15
Suppose -45*t + 40*t = -3990. What is the highest common factor of t and 42?
42
Suppose 3*v = -12 + 84. Suppose 9*b - b - v = 0. What is the greatest common divisor of 2 and b?
1
Let d(o) = o**3 - 4*o**2 - o - 7. Let g be d(5). Let c(w) = 6*w**2 - 7*w + 1. Let k be c(-5). Let l = 277 - k. Calculate the highest common divisor of l and g.
13
Let m be 2/(-5) - ((-16)/(-10) + -2). Let i be (1/(-2 - m))/((-2)/20). Calculate the highest common factor of i and 25.
5
Let z be (-562)/(-8) + 2/(-8). Let c be 561/21 + 20/z. Calculate the greatest common factor of 27 and c.
27
Let s(t) be the third derivative of t**5/60 + 7*t**4/12 + 11*t**3/6 + 13*t**2. Let p be s(-14). What is the greatest common factor of p and 44?
11
Suppose 22 = 5*k - 33. Calculate the highest common divisor of k and 275.
11
Suppose -4*v = -0*v - 16. Suppose 7*x + 36 = v*x. Let h be (-21*4/x)/1. Calculate the highest common divisor of 21 and h.
7
Suppose -t - 24 = -3*j + 2*t, -j = -5*t - 24. Suppose -2*z + 588 = 2*z. Suppose -j*h + 117 = -z. What is the highest common factor of h and 6?
6
Let t = -860 + 888. What is the greatest common divisor of t and 238?
14
Let d be 840/16*3*8/(-18). Let v be (204/(-10))/((231/d)/11). Calculate the greatest common divisor of 4 and v.
4
Suppose -4*l = 16, 6*p - 2*p + l - 5980 = 0. Calculate the greatest common factor of p and 88.
88
Let z be (226/18 - -1)*378/84. Calculate the highest common divisor of 793 and z.
61
Let c = -100 + 105. Suppose 0 = c*t + 4*x - 45, -5*t - 5 + 40 = 2*x. Let b = 36 - 21. Calculate the greatest common factor of t and b.
5
Suppose 5*y + k - 329 = 0, -2*y - 2*y - 3*k + 272 = 0. Suppose 0 = 3*p + 2*p - y. Calculate the greatest common factor of p and 78.
13
Suppose 5*m + 5*r - 140 = 0, -2*m = -4*m + r + 71. Let z = 372 - 350. Calculate the highest common factor of m and z.
11
Let o(k) = 4*k - 8. Let m be o(9). Let i be -7 + 0 + (25 - 14). What is the highest common factor of m and i?
4
Let i(p) be the second derivative of -p**3/3 + 19*p**2/2 + 10*p. Let r be i(-8). What is the greatest common divisor of 7 and r?
7
Let w(k) = -74*k - 1. Let t be w(7). Let f = -215 - t. Calculate the highest common factor of f and 19.
19
Let q(d) = -d + 8. Let i be q(-6). Let m be 350/105*189/5. What is the highest common factor of i and m?
14
Let z(w) = -3*w**2 - 55*w - 7. Let q be z(-15). What is the greatest common divisor of 55 and q?
11
Suppose 5*g - 9 = y, 5*y + 0*g = 3*g + 21. What is the greatest common divisor of 114 and y?
6
Let m(z) = z**3 + 2*z**2 - z + 10. Suppose n - 1 = 2*x, 0 = -3*x + 2*x + n - 1. Let h be m(x). What is the highest common divisor of 90 and h?
10
Let l(x) = 13 - x + 15 - 23. Let k be l(7). Let c = k - -7. What is the greatest common divisor of c and 1?
1
Let n = -82 - -192. Let p = n + -96. Calculate the highest common divisor of 77 and p.
7
Let s be (-6 + 9 + -2)/(2/450). What is the greatest common factor of 9 and s?
9
Suppose -11 - 13 = -6*y. Suppose 0 = -y*t - 8*t + 48. Calculate the greatest common factor of t and 36.
4
Suppose 3*r - 7*r + 3*q = -126, -4*q = 4*r - 112. Let v = 10 + 0. What is the highest common factor of r and v?
10
Let x(v) be the third derivative of v**5/12 + v**4/6 - v**3/3 - 5*v**2. Let s be x(1). Calculate the greatest common divisor of 35 and s.
7
Suppose -g = -4*x + 3, g - 9 = -4. Suppose -3*f - 3*h = -66 + 6, -x*h - 56 = -2*f. Calculate the greatest common divisor of 16 and f.
8
Let j = 13 - -1. Let o be -24*(j/(-4) + 3). Suppose 5*a - 180 = -0*a. Calculate the highest common divisor of a and o.
12
Suppose 105 + 1335 = 5*o. What is the greatest common factor of 180 and o?
36
Let y = 28 + -3. Suppose -y = -3*h - 2*h. Suppose -h*o + 0*o = -195. What is the greatest common divisor of o and 26?
13
Suppose -5*p + 4 = -4*l - 32, 12 = -3*l. Suppose 3*v + 13 - 1 = -p*k, -v = k + 4. Let z be ((-15)/v - 2)*24. What is the highest common factor of 21 and z?
21
Let b(y) = 20*y**2 - 31*y + 12. Let j be b(3). What is the greatest common divisor of 132 and j?
33
Let s(k) be the first derivative of -1/3*k**3 - 3 + 5*k**2 + 3*k. Let y be s(9). Calculate the highest common divisor of 4 and y.
4
Let z be 80 + 1/((-1)/(-4)). Calculate the highest common divisor of 1008 and z.
84
Suppose -3*d = -7*o + 2*o - 126, 3*d = -o + 126. Suppose -t = 2*t - d. What is the highest common divisor of t and 56?
14
Let x = 14 - 6. Suppose 0 = 5*m - 5, -3*r + x*r + 3*m = 213. Let o = r - 30. Calculate the greatest common divisor of 48 and o.
12
Suppose -11*v = -10*v - 4. Suppose 2*z = -2*x + 26, v*x - 11 = 2*z + 35. What is the highest common divisor of x and 60?
12
Let b = -24 + 41. Let o(l) = -2*l**3 + 26*l**2 + 3*l + 12. Let u be o(13). Calculate the highest common factor of b and u.
17
Let w(n) = n**2 + 6*n - 28. Let p be w(-10). Calculate the greatest common divisor of p and 4.
4
Suppose g = 5*f - 82, g = -3*f + 2*g + 48. Suppose w = 2*w - 1. Let v be -16*w*68/(-16). What is the highest common divisor of v and f?
17
Let w(u) = -13*u + 269. Let a be w(19). What is the gre